he remainder when 96163 is divided by 707.
11
Calculate the remainder when 22790 is divided by 1510.
140
What is the remainder when 2145 is divided by 419?
50
Calculate the remainder when 44917 is divided by 1531.
518
What is the remainder when 97239 is divided by 14?
9
Calculate the remainder when 11065 is divided by 82.
77
What is the remainder when 36914 is divided by 67?
64
What is the remainder when 7019 is divided by 293?
280
What is the remainder when 7065 is divided by 338?
305
Calculate the remainder when 69977 is divided by 107.
106
Calculate the remainder when 2582 is divided by 178.
90
What is the remainder when 6062 is divided by 862?
28
Calculate the remainder when 1595 is divided by 790.
15
What is the remainder when 2602 is divided by 49?
5
What is the remainder when 448599 is divided by 462?
459
What is the remainder when 12642 is divided by 13?
6
What is the remainder when 1040 is divided by 516?
8
What is the remainder when 30927 is divided by 74?
69
Calculate the remainder when 16281 is divided by 236.
233
What is the remainder when 5498 is divided by 4483?
1015
What is the remainder when 5253 is divided by 5246?
7
Calculate the remainder when 22790 is divided by 151.
140
What is the remainder when 2775 is divided by 924?
3
What is the remainder when 89267 is divided by 1004?
915
Calculate the remainder when 70360 is divided by 152.
136
What is the remainder when 2832 is divided by 633?
300
What is the remainder when 10366 is divided by 54?
52
What is the remainder when 424103 is divided by 212046?
11
What is the remainder when 2249577 is divided by 38?
15
Calculate the remainder when 77071 is divided by 19265.
11
What is the remainder when 2885 is divided by 720?
5
Calculate the remainder when 11404 is divided by 114.
4
What is the remainder when 66713 is divided by 182?
101
Calculate the remainder when 171905 is divided by 57298.
11
What is the remainder when 55591 is divided by 158?
133
Calculate the remainder when 683 is divided by 72.
35
Calculate the remainder when 9888 is divided by 188.
112
Calculate the remainder when 31678 is divided by 2262.
10
Calculate the remainder when 16114 is divided by 16093.
21
What is the remainder when 11441 is divided by 3370?
1331
What is the remainder when 911 is divided by 289?
44
What is the remainder when 359919 is divided by 359909?
10
What is the remainder when 29374 is divided by 29?
26
What is the remainder when 31904 is divided by 43?
41
Calculate the remainder when 3003304 is divided by 393.
391
What is the remainder when 20156 is divided by 480?
476
What is the remainder when 2164 is divided by 208?
84
What is the remainder when 641715 is divided by 926?
923
Calculate the remainder when 339497 is divided by 1918.
11
Calculate the remainder when 26515 is divided by 1256.
139
Calculate the remainder when 131211 is divided by 6904.
35
What is the remainder when 18463 is divided by 565?
383
What is the remainder when 35351 is divided by 35323?
28
What is the remainder when 10570 is divided by 17?
13
Calculate the remainder when 395909 is divided by 23288.
13
Calculate the remainder when 11859 is divided by 96.
51
What is the remainder when 14928 is divided by 127?
69
What is the remainder when 20503 is divided by 109?
11
Calculate the remainder when 5302 is divided by 296.
270
What is the remainder when 15687 is divided by 24?
15
What is the remainder when 1542 is divided by 539?
464
What is the remainder when 58844 is divided by 1030?
134
What is the remainder when 310772 is divided by 17?
12
What is the remainder when 362013 is divided by 48?
45
What is the remainder when 5708 is divided by 746?
486
What is the remainder when 401 is divided by 96?
17
What is the remainder when 2444 is divided by 480?
44
What is the remainder when 1333 is divided by 756?
577
Calculate the remainder when 71417 is divided by 1553.
1532
Calculate the remainder when 222 is divided by 130.
92
What is the remainder when 460308 is divided by 967?
16
What is the remainder when 7912421 is divided by 53?
51
Calculate the remainder when 2460 is divided by 810.
30
What is the remainder when 16338 is divided by 79?
64
Calculate the remainder when 8037 is divided by 1592.
77
What is the remainder when 587 is divided by 123?
95
What is the remainder when 436822 is divided by 101?
98
Calculate the remainder when 7817 is divided by 393.
350
What is the remainder when 1550 is divided by 39?
29
What is the remainder when 19002 is divided by 102?
30
Calculate the remainder when 7409 is divided by 68.
65
What is the remainder when 27625 is divided by 3451?
17
What is the remainder when 6751582 is divided by 252?
250
What is the remainder when 6392 is divided by 735?
512
Calculate the remainder when 2033 is divided by 1402.
631
What is the remainder when 3071 is divided by 103?
84
What is the remainder when 3647 is divided by 1239?
1169
What is the remainder when 1733294 is divided by 104?
30
Calculate the remainder when 185127 is divided by 1714.
15
What is the remainder when 3097 is divided by 2795?
302
What is the remainder when 11251 is divided by 54?
19
Calculate the remainder when 91790 is divided by 937.
901
Calculate the remainder when 46330 is divided by 107.
106
What is the remainder when 293704 is divided by 9178?
8
What is the remainder when 629027 is divided by 49?
14
What is the remainder when 216889 is divided by 21687?
19
What is the remainder when 397588 is divided by 290?
288
What is the remainder when 12302 is divided by 4089?
35
Calculate the remainder when 179545 is divided by 179539.
6
Calculate the remainder when 878767 is divided by 44.
43
Calculate the remainder when 18234 is divided by 521.
520
What is the remainder when 39899 is divided by 25?
24
Calculate the remainder when 16245 is divided by 4046.
61
What is the remainder when 1719 is divided by 1604?
115
Calculate the remainder when 1031 is divided by 211.
187
Calculate the remainder when 16156 is divided by 168.
28
What is the remainder when 3402 is divided by 150?
102
Calculate the remainder when 3523 is divided by 46.
27
What is the remainder when 205367 is divided by 86?
85
Calculate the remainder when 2892 is divided by 131.
10
Calculate the remainder when 30359 is divided by 91.
56
Calculate the remainder when 2659 is divided by 832.
163
What is the remainder when 81162 is divided by 19?
13
Calculate the remainder when 2763 is divided by 6.
3
What is the remainder when 848532 is divided by 41?
37
Calculate the remainder when 9781 is divided by 349.
9
What is the remainder when 3805 is divided by 27?
25
Calculate the remainder when 2607616 is divided by 964.
960
Calculate the remainder when 3695 is divided by 927.
914
What is the remainder when 7024 is divided by 2163?
535
What is the remainder when 27887 is divided by 1531?
329
What is the remainder when 720937 is divided by 43?
42
What is the remainder when 2562 is divided by 274?
96
What is the remainder when 3014 is divided by 553?
249
What is the remainder when 71989 is divided by 230?
229
Calculate the remainder when 42536 is divided by 8472.
176
What is the remainder when 12946 is divided by 4298?
52
What is the remainder when 1246567 is divided by 86?
83
Calculate the remainder when 7953 is divided by 2212.
1317
What is the remainder when 15608 is divided by 38?
28
What is the remainder when 481941 is divided by 425?
416
What is the remainder when 4371 is divided by 568?
395
Calculate the remainder when 21560 is divided by 65.
45
Calculate the remainder when 10630 is divided by 1516.
18
What is the remainder when 24051 is divided by 751?
19
What is the remainder when 151289 is divided by 7?
5
Calculate the remainder when 2799 is divided by 169.
95
What is the remainder when 44236 is divided by 1301?
2
Calculate the remainder when 26231 is divided by 150.
131
Calculate the remainder when 3969 is divided by 87.
54
Calculate the remainder when 3616689 is divided by 854.
853
What is the remainder when 372190 is divided by 13?
0
Calculate the remainder when 706683 is divided by 44.
43
Calculate the remainder when 53103 is divided by 511.
470
Calculate the remainder when 20665 is divided by 6782.
319
Calculate the remainder when 46889 is divided by 147.
143
Calculate the r